[INFO] cloning repository https://github.com/brianloveswords/hookshot
[INFO] running `Command { std: "git" "-c" "credential.helper=" "-c" "credential.helper=/workspace/cargo-home/bin/git-credential-null" "clone" "--bare" "https://github.com/brianloveswords/hookshot" "/workspace/cache/git-repos/https%3A%2F%2Fgithub.com%2Fbrianloveswords%2Fhookshot", kill_on_drop: false }`
[INFO] [stderr] Cloning into bare repository '/workspace/cache/git-repos/https%3A%2F%2Fgithub.com%2Fbrianloveswords%2Fhookshot'...
[INFO] running `Command { std: "git" "rev-parse" "HEAD", kill_on_drop: false }`
[INFO] [stdout] 41541d907fb8ff1aa7f0f778e6dd8e3ed8b2bee0
[INFO] checking brianloveswords/hookshot against master#af3c6e733a40e671550e0f0f5aeecaa13772ba56 for pr-74989
[INFO] running `Command { std: "git" "clone" "/workspace/cache/git-repos/https%3A%2F%2Fgithub.com%2Fbrianloveswords%2Fhookshot" "/workspace/builds/worker-1/source", kill_on_drop: false }`
[INFO] [stderr] Cloning into '/workspace/builds/worker-1/source'...
[INFO] [stderr] done.
[INFO] validating manifest of git repo https://github.com/brianloveswords/hookshot on toolchain af3c6e733a40e671550e0f0f5aeecaa13772ba56
[INFO] running `Command { std: "/workspace/cargo-home/bin/cargo" "+af3c6e733a40e671550e0f0f5aeecaa13772ba56" "read-manifest" "--manifest-path" "Cargo.toml", kill_on_drop: false }`
[INFO] started tweaking git repo https://github.com/brianloveswords/hookshot
[INFO] finished tweaking git repo https://github.com/brianloveswords/hookshot
[INFO] tweaked toml for git repo https://github.com/brianloveswords/hookshot written to /workspace/builds/worker-1/source/Cargo.toml
[INFO] crate git repo https://github.com/brianloveswords/hookshot already has a lockfile, it will not be regenerated
[INFO] running `Command { std: "/workspace/cargo-home/bin/cargo" "+af3c6e733a40e671550e0f0f5aeecaa13772ba56" "fetch" "--locked" "--manifest-path" "Cargo.toml", kill_on_drop: false }`
[INFO] [stderr]     Blocking waiting for file lock on package cache
[INFO] [stderr] error: the lock file /workspace/builds/worker-1/source/Cargo.lock needs to be updated but --locked was passed to prevent this
[INFO] [stderr] If you want to try to generate the lock file without accessing the network, use the --offline flag.
[INFO] the lockfile is outdated, regenerating it
[INFO] running `Command { std: "/workspace/cargo-home/bin/cargo" "+af3c6e733a40e671550e0f0f5aeecaa13772ba56" "generate-lockfile" "--manifest-path" "Cargo.toml" "-Zno-index-update", kill_on_drop: false }`
[INFO] [stderr]     Blocking waiting for file lock on package cache
[INFO] running `Command { std: "/workspace/cargo-home/bin/cargo" "+af3c6e733a40e671550e0f0f5aeecaa13772ba56" "fetch" "--locked" "--manifest-path" "Cargo.toml", kill_on_drop: false }`
[INFO] [stderr]     Blocking waiting for file lock on package cache
[INFO] running `Command { std: "docker" "create" "-v" "/var/lib/crater-agent-workspace/builds/worker-1/target:/opt/rustwide/target:rw,Z" "-v" "/var/lib/crater-agent-workspace/builds/worker-1/source:/opt/rustwide/workdir:ro,Z" "-v" "/var/lib/crater-agent-workspace/cargo-home:/opt/rustwide/cargo-home:ro,Z" "-v" "/var/lib/crater-agent-workspace/rustup-home:/opt/rustwide/rustup-home:ro,Z" "-e" "SOURCE_DIR=/opt/rustwide/workdir" "-e" "CARGO_TARGET_DIR=/opt/rustwide/target" "-e" "CARGO_HOME=/opt/rustwide/cargo-home" "-e" "RUSTUP_HOME=/opt/rustwide/rustup-home" "-w" "/opt/rustwide/workdir" "-m" "1610612736" "--user" "0:0" "--network" "none" "rustops/crates-build-env@sha256:d92eaeed33fa75130ca1ee6c8a01d1ffb62bac859dfdfb3450e3e5d1c0146529" "/opt/rustwide/cargo-home/bin/cargo" "+af3c6e733a40e671550e0f0f5aeecaa13772ba56" "metadata" "--no-deps" "--format-version=1", kill_on_drop: false }`
[INFO] [stderr] WARNING: Your kernel does not support swap limit capabilities or the cgroup is not mounted. Memory limited without swap.
[INFO] [stdout] daa1c49c837430ff88c174fa501598f3e69866faadd39db3bd473898e7dcf415
[INFO] running `Command { std: "docker" "start" "-a" "daa1c49c837430ff88c174fa501598f3e69866faadd39db3bd473898e7dcf415", kill_on_drop: false }`
[INFO] running `Command { std: "docker" "inspect" "daa1c49c837430ff88c174fa501598f3e69866faadd39db3bd473898e7dcf415", kill_on_drop: false }`
[INFO] running `Command { std: "docker" "rm" "-f" "daa1c49c837430ff88c174fa501598f3e69866faadd39db3bd473898e7dcf415", kill_on_drop: false }`
[INFO] [stdout] daa1c49c837430ff88c174fa501598f3e69866faadd39db3bd473898e7dcf415
[INFO] running `Command { std: "docker" "create" "-v" "/var/lib/crater-agent-workspace/builds/worker-1/target:/opt/rustwide/target:rw,Z" "-v" "/var/lib/crater-agent-workspace/builds/worker-1/source:/opt/rustwide/workdir:ro,Z" "-v" "/var/lib/crater-agent-workspace/cargo-home:/opt/rustwide/cargo-home:ro,Z" "-v" "/var/lib/crater-agent-workspace/rustup-home:/opt/rustwide/rustup-home:ro,Z" "-e" "SOURCE_DIR=/opt/rustwide/workdir" "-e" "CARGO_TARGET_DIR=/opt/rustwide/target" "-e" "CARGO_INCREMENTAL=0" "-e" "RUST_BACKTRACE=full" "-e" "RUSTFLAGS=--cap-lints=forbid" "-e" "CARGO_HOME=/opt/rustwide/cargo-home" "-e" "RUSTUP_HOME=/opt/rustwide/rustup-home" "-w" "/opt/rustwide/workdir" "-m" "1610612736" "--user" "0:0" "--network" "none" "rustops/crates-build-env@sha256:d92eaeed33fa75130ca1ee6c8a01d1ffb62bac859dfdfb3450e3e5d1c0146529" "/opt/rustwide/cargo-home/bin/cargo" "+af3c6e733a40e671550e0f0f5aeecaa13772ba56" "check" "--frozen" "--all" "--all-targets" "--message-format=json", kill_on_drop: false }`
[INFO] [stdout] fda59e1db0d4eee72831279ee0e8be93d778cd8ffa60910d092df017104880f1
[INFO] [stderr] WARNING: Your kernel does not support swap limit capabilities or the cgroup is not mounted. Memory limited without swap.
[INFO] running `Command { std: "docker" "start" "-a" "fda59e1db0d4eee72831279ee0e8be93d778cd8ffa60910d092df017104880f1", kill_on_drop: false }`
[INFO] [stderr]    Compiling rand_core v0.4.2
[INFO] [stderr]    Compiling autocfg v0.1.7
[INFO] [stderr]    Compiling version_check v0.1.5
[INFO] [stderr]    Compiling siphasher v0.2.3
[INFO] [stderr]     Checking lazy_static v1.4.0
[INFO] [stderr]     Checking traitobject v0.1.0
[INFO] [stderr]    Compiling byteorder v1.3.4
[INFO] [stderr]     Checking slab v0.4.2
[INFO] [stderr]     Checking pin-project-lite v0.1.7
[INFO] [stderr]     Checking percent-encoding v1.0.1
[INFO] [stderr]     Checking typeable v0.1.2
[INFO] [stderr]     Checking language-tags v0.2.2
[INFO] [stderr]     Checking pin-utils v0.1.0
[INFO] [stderr]    Compiling bitflags v1.2.1
[INFO] [stderr]     Checking remove_dir_all v0.5.3
[INFO] [stderr]     Checking route-recognizer v0.1.13
[INFO] [stderr]     Checking uuid v0.8.1
[INFO] [stderr]     Checking rustc-serialize v0.3.24
[INFO] [stderr]    Compiling num-traits v0.2.12
[INFO] [stderr]    Compiling num-integer v0.1.43
[INFO] [stderr]    Compiling openssl-sys v0.9.58
[INFO] [stderr]     Checking unsafe-any v0.4.2
[INFO] [stderr]     Checking getopts v0.2.21
[INFO] [stderr]     Checking tracing-core v0.1.16
[INFO] [stderr]     Checking thread_local v1.0.1
[INFO] [stderr]     Checking log v0.4.11
[INFO] [stderr]    Compiling libc v0.2.77
[INFO] [stderr]     Checking idna v0.1.5
[INFO] [stderr]     Checking typemap v0.3.3
[INFO] [stderr]    Compiling rand_core v0.3.1
[INFO] [stderr]    Compiling rand_jitter v0.1.4
[INFO] [stderr]     Checking net2 v0.2.35
[INFO] [stderr]     Checking num_cpus v1.13.0
[INFO] [stderr]     Checking rand v0.4.6
[INFO] [stderr]     Checking socket2 v0.3.15
[INFO] [stderr]     Checking toml v0.5.6
[INFO] [stderr]    Compiling rand_isaac v0.1.1
[INFO] [stderr]    Compiling rand_hc v0.1.0
[INFO] [stderr]    Compiling rand_xorshift v0.1.1
[INFO] [stderr]     Checking log v0.3.9
[INFO] [stderr]     Checking want v0.3.0
[INFO] [stderr]     Checking users v0.10.0
[INFO] [stderr]    Compiling unicase v1.4.2
[INFO] [stderr]     Checking regex v1.3.9
[INFO] [stderr]     Checking plugin v0.2.6
[INFO] [stderr]     Checking tracing v0.1.19
[INFO] [stderr]    Compiling rand_pcg v0.1.2
[INFO] [stderr]    Compiling rand_chacha v0.1.1
[INFO] [stderr]    Compiling rand v0.6.5
[INFO] [stderr]     Checking mio v0.6.22
[INFO] [stderr]     Checking mime v0.2.6
[INFO] [stderr]     Checking futures-util v0.3.5
[INFO] [stderr]     Checking url v1.7.2
[INFO] [stderr]    Compiling rand_os v0.1.3
[INFO] [stderr]     Checking tempdir v0.3.7
[INFO] [stderr]    Compiling phf_shared v0.7.24
[INFO] [stderr]     Checking base64 v0.9.3
[INFO] [stderr]    Compiling openssl v0.10.30
[INFO] [stderr]    Compiling phf v0.7.24
[INFO] [stderr]     Checking tokio v0.2.22
[INFO] [stderr]     Checking hyper v0.10.16
[INFO] [stderr]     Checking chrono v0.4.15
[INFO] [stderr]    Compiling phf_generator v0.7.24
[INFO] [stderr]    Compiling phf_codegen v0.7.24
[INFO] [stderr]    Compiling mime_guess v1.8.8
[INFO] [stderr]     Checking iron v0.6.1
[INFO] [stderr]     Checking router v0.6.0
[INFO] [stderr]     Checking tokio-util v0.3.1
[INFO] [stderr]     Checking h2 v0.2.6
[INFO] [stderr]     Checking hyper v0.13.7
[INFO] [stderr]     Checking hookshot v1.0.0 (/opt/rustwide/workdir)
[INFO] [stdout] error[E0432]: unresolved import `toml::Table`
[INFO] [stdout]   --> src/repo_config.rs:13:18
[INFO] [stdout]    |
[INFO] [stdout] 13 | use toml::{self, Table};
[INFO] [stdout]    |                  ^^^^^ no `Table` in the root
[INFO] [stdout] 
[INFO] [stdout] 
[INFO] [stdout] error[E0433]: failed to resolve: could not find `crypto` in `openssl`
[INFO] [stdout]  --> src/signature.rs:1:14
[INFO] [stdout]   |
[INFO] [stdout] 1 | use openssl::crypto::hash::Type as OpenSSLType;
[INFO] [stdout]   |              ^^^^^^ could not find `crypto` in `openssl`
[INFO] [stdout] 
[INFO] [stdout] 
[INFO] [stdout] error[E0433]: failed to resolve: could not find `crypto` in `openssl`
[INFO] [stdout]  --> src/signature.rs:2:14
[INFO] [stdout]   |
[INFO] [stdout] 2 | use openssl::crypto::hmac::hmac;
[INFO] [stdout]   |              ^^^^^^ could not find `crypto` in `openssl`
[INFO] [stdout] 
[INFO] [stdout] 
[INFO] [stdout] error[E0432]: unresolved import `toml::Table`
[INFO] [stdout]  --> src/server_config.rs:9:25
[INFO] [stdout]   |
[INFO] [stdout] 9 | use toml::{self, Value, Table};
[INFO] [stdout]   |                         ^^^^^ no `Table` in the root
[INFO] [stdout] 
[INFO] [stdout] 
[INFO] [stdout] error[E0432]: unresolved import `hyper::header::ContentType`
[INFO] [stdout]  --> src/notifier.rs:4:5
[INFO] [stdout]   |
[INFO] [stdout] 4 | use hyper::header::ContentType;
[INFO] [stdout]   |     ^^^^^^^^^^^^^^^^^^^^^^^^^^ no `ContentType` in `header`
[INFO] [stdout] 
[INFO] [stdout] 
[INFO] [stdout] error[E0432]: unresolved import `chrono::UTC`
[INFO] [stdout]  --> src/deploy_task.rs:1:5
[INFO] [stdout]   |
[INFO] [stdout] 1 | use chrono::UTC;
[INFO] [stdout]   |     ^^^^^^^^^^^ no `UTC` in the root
[INFO] [stdout] 
[INFO] [stdout] 
[INFO] [stdout] error[E0432]: unresolved import `chrono::duration`
[INFO] [stdout]  --> src/deploy_task.rs:2:13
[INFO] [stdout]   |
[INFO] [stdout] 2 | use chrono::duration::Duration;
[INFO] [stdout]   |             ^^^^^^^^ could not find `duration` in `chrono`
[INFO] [stdout] 
[INFO] [stdout] 
[INFO] [stdout] error: cannot find macro `header` in this scope
[INFO] [stdout]   --> src/cli.rs:24:1
[INFO] [stdout]    |
[INFO] [stdout] 24 | header! { (XHubSignature, "X-Hub-Signature") => [String] }
[INFO] [stdout]    | ^^^^^^
[INFO] [stdout] 
[INFO] [stdout] 
[INFO] [stdout] error: cannot find macro `header` in this scope
[INFO] [stdout]   --> src/cli.rs:25:1
[INFO] [stdout]    |
[INFO] [stdout] 25 | header! { (XSignature, "X-Signature") => [String] }
[INFO] [stdout]    | ^^^^^^
[INFO] [stdout] 
[INFO] [stdout] 
[INFO] [stdout] error: cannot find macro `header` in this scope
[INFO] [stdout]   --> src/notifier.rs:11:1
[INFO] [stdout]    |
[INFO] [stdout] 11 | header! { (XHookshotSignature, "X-Hookshot-Signature") => [String] }
[INFO] [stdout]    | ^^^^^^
[INFO] [stdout] 
[INFO] [stdout] 
[INFO] [stdout] error[E0432]: unresolved import `toml::Table`
[INFO] [stdout]   --> src/repo_config.rs:13:18
[INFO] [stdout]    |
[INFO] [stdout] 13 | use toml::{self, Table};
[INFO] [stdout]    |                  ^^^^^ no `Table` in the root
[INFO] [stdout] 
[INFO] [stdout] 
[INFO] [stdout] error[E0433]: failed to resolve: could not find `crypto` in `openssl`
[INFO] [stdout]  --> src/signature.rs:1:14
[INFO] [stdout]   |
[INFO] [stdout] 1 | use openssl::crypto::hash::Type as OpenSSLType;
[INFO] [stdout]   |              ^^^^^^ could not find `crypto` in `openssl`
[INFO] [stdout] 
[INFO] [stdout] 
[INFO] [stdout] error[E0433]: failed to resolve: could not find `crypto` in `openssl`
[INFO] [stdout]  --> src/signature.rs:2:14
[INFO] [stdout]   |
[INFO] [stdout] 2 | use openssl::crypto::hmac::hmac;
[INFO] [stdout]   |              ^^^^^^ could not find `crypto` in `openssl`
[INFO] [stdout] 
[INFO] [stdout] 
[INFO] [stdout] error[E0432]: unresolved import `toml::Table`
[INFO] [stdout]  --> src/server_config.rs:9:25
[INFO] [stdout]   |
[INFO] [stdout] 9 | use toml::{self, Value, Table};
[INFO] [stdout]   |                         ^^^^^ no `Table` in the root
[INFO] [stdout] 
[INFO] [stdout] 
[INFO] [stdout] error[E0432]: unresolved import `hyper::header::ContentType`
[INFO] [stdout]  --> src/notifier.rs:4:5
[INFO] [stdout]   |
[INFO] [stdout] 4 | use hyper::header::ContentType;
[INFO] [stdout]   |     ^^^^^^^^^^^^^^^^^^^^^^^^^^ no `ContentType` in `header`
[INFO] [stdout] 
[INFO] [stdout] 
[INFO] [stdout] error[E0432]: unresolved import `chrono::UTC`
[INFO] [stdout]  --> src/deploy_task.rs:1:5
[INFO] [stdout]   |
[INFO] [stdout] 1 | use chrono::UTC;
[INFO] [stdout]   |     ^^^^^^^^^^^ no `UTC` in the root
[INFO] [stdout] 
[INFO] [stdout] 
[INFO] [stdout] error[E0432]: unresolved import `chrono::duration`
[INFO] [stdout]  --> src/deploy_task.rs:2:13
[INFO] [stdout]   |
[INFO] [stdout] 2 | use chrono::duration::Duration;
[INFO] [stdout]   |             ^^^^^^^^ could not find `duration` in `chrono`
[INFO] [stdout] 
[INFO] [stdout] 
[INFO] [stdout] error: cannot find macro `header` in this scope
[INFO] [stdout]   --> src/cli.rs:24:1
[INFO] [stdout]    |
[INFO] [stdout] 24 | header! { (XHubSignature, "X-Hub-Signature") => [String] }
[INFO] [stdout]    | ^^^^^^
[INFO] [stdout] 
[INFO] [stdout] 
[INFO] [stdout] error: cannot find macro `header` in this scope
[INFO] [stdout]   --> src/cli.rs:25:1
[INFO] [stdout]    |
[INFO] [stdout] 25 | header! { (XSignature, "X-Signature") => [String] }
[INFO] [stdout]    | ^^^^^^
[INFO] [stdout] 
[INFO] [stdout] 
[INFO] [stdout] error: cannot find macro `header` in this scope
[INFO] [stdout]   --> src/notifier.rs:11:1
[INFO] [stdout]    |
[INFO] [stdout] 11 | header! { (XHookshotSignature, "X-Hookshot-Signature") => [String] }
[INFO] [stdout]    | ^^^^^^
[INFO] [stdout] 
[INFO] [stdout] 
[INFO] [stdout] error[E0433]: failed to resolve: use of undeclared type or module `OpenSSLType`
[INFO] [stdout]   --> src/signature.rs:32:30
[INFO] [stdout]    |
[INFO] [stdout] 32 |             HashType::MD5 => OpenSSLType::MD5,
[INFO] [stdout]    |                              ^^^^^^^^^^^ use of undeclared type or module `OpenSSLType`
[INFO] [stdout] 
[INFO] [stdout] 
[INFO] [stdout] error[E0433]: failed to resolve: use of undeclared type or module `OpenSSLType`
[INFO] [stdout]   --> src/signature.rs:33:31
[INFO] [stdout]    |
[INFO] [stdout] 33 |             HashType::SHA1 => OpenSSLType::SHA1,
[INFO] [stdout]    |                               ^^^^^^^^^^^ use of undeclared type or module `OpenSSLType`
[INFO] [stdout] 
[INFO] [stdout] 
[INFO] [stdout] error[E0433]: failed to resolve: use of undeclared type or module `OpenSSLType`
[INFO] [stdout]   --> src/signature.rs:34:33
[INFO] [stdout]    |
[INFO] [stdout] 34 |             HashType::SHA224 => OpenSSLType::SHA224,
[INFO] [stdout]    |                                 ^^^^^^^^^^^ use of undeclared type or module `OpenSSLType`
[INFO] [stdout] 
[INFO] [stdout] 
[INFO] [stdout] error[E0433]: failed to resolve: use of undeclared type or module `OpenSSLType`
[INFO] [stdout]   --> src/signature.rs:35:33
[INFO] [stdout]    |
[INFO] [stdout] 35 |             HashType::SHA256 => OpenSSLType::SHA256,
[INFO] [stdout]    |                                 ^^^^^^^^^^^ use of undeclared type or module `OpenSSLType`
[INFO] [stdout] 
[INFO] [stdout] 
[INFO] [stdout] error[E0433]: failed to resolve: use of undeclared type or module `OpenSSLType`
[INFO] [stdout]   --> src/signature.rs:36:33
[INFO] [stdout]    |
[INFO] [stdout] 36 |             HashType::SHA384 => OpenSSLType::SHA384,
[INFO] [stdout]    |                                 ^^^^^^^^^^^ use of undeclared type or module `OpenSSLType`
[INFO] [stdout] 
[INFO] [stdout] 
[INFO] [stdout] error[E0433]: failed to resolve: use of undeclared type or module `OpenSSLType`
[INFO] [stdout]   --> src/signature.rs:37:33
[INFO] [stdout]    |
[INFO] [stdout] 37 |             HashType::SHA512 => OpenSSLType::SHA512,
[INFO] [stdout]    |                                 ^^^^^^^^^^^ use of undeclared type or module `OpenSSLType`
[INFO] [stdout] 
[INFO] [stdout] 
[INFO] [stdout] error[E0433]: failed to resolve: use of undeclared type or module `OpenSSLType`
[INFO] [stdout]   --> src/signature.rs:38:36
[INFO] [stdout]    |
[INFO] [stdout] 38 |             HashType::RIPEMD160 => OpenSSLType::RIPEMD160,
[INFO] [stdout]    |                                    ^^^^^^^^^^^ use of undeclared type or module `OpenSSLType`
[INFO] [stdout] 
[INFO] [stdout] 
[INFO] [stdout] error[E0412]: cannot find type `XSignature` in this scope
[INFO] [stdout]    --> src/cli.rs:171:59
[INFO] [stdout]     |
[INFO] [stdout] 171 |                 let possible_headers = (req.headers.get::<XSignature>(),
[INFO] [stdout]     |                                                           ^^^^^^^^^^
[INFO] [stdout]     | 
[INFO] [stdout]    ::: src/signature.rs:65:1
[INFO] [stdout]     |
[INFO] [stdout] 65  | pub struct Signature {
[INFO] [stdout]     | -------------------- similarly named struct `Signature` defined here
[INFO] [stdout]     |
[INFO] [stdout] help: a struct with a similar name exists
[INFO] [stdout]     |
[INFO] [stdout] 171 |                 let possible_headers = (req.headers.get::<Signature>(),
[INFO] [stdout]     |                                                           ^^^^^^^^^
[INFO] [stdout] help: you might be missing a type parameter
[INFO] [stdout]     |
[INFO] [stdout] 112 | fn start_server<XSignature>(config: ServerConfig) {
[INFO] [stdout]     |                ^^^^^^^^^^^^
[INFO] [stdout] 
[INFO] [stdout] 
[INFO] [stdout] error[E0412]: cannot find type `XHubSignature` in this scope
[INFO] [stdout]    --> src/cli.rs:172:59
[INFO] [stdout]     |
[INFO] [stdout] 172 | ...                   req.headers.get::<XHubSignature>());
[INFO] [stdout]     |                                         ^^^^^^^^^^^^^
[INFO] [stdout]     | 
[INFO] [stdout]    ::: src/signature.rs:65:1
[INFO] [stdout]     |
[INFO] [stdout] 65  | pub struct Signature {
[INFO] [stdout]     | -------------------- similarly named struct `Signature` defined here
[INFO] [stdout]     |
[INFO] [stdout] help: a struct with a similar name exists
[INFO] [stdout]     |
[INFO] [stdout] 172 |                                         req.headers.get::<Signature>());
[INFO] [stdout]     |                                                           ^^^^^^^^^
[INFO] [stdout] help: you might be missing a type parameter
[INFO] [stdout]     |
[INFO] [stdout] 112 | fn start_server<XHubSignature>(config: ServerConfig) {
[INFO] [stdout]     |                ^^^^^^^^^^^^^^^
[INFO] [stdout] 
[INFO] [stdout] 
[INFO] [stdout] error[E0412]: cannot find type `Table` in crate `toml`
[INFO] [stdout]   --> src/config.rs:10:19
[INFO] [stdout]    |
[INFO] [stdout] 10 |     config: toml::Table,
[INFO] [stdout]    |                   ^^^^^ not found in `toml`
[INFO] [stdout]    |
[INFO] [stdout] help: consider importing this type alias
[INFO] [stdout]    |
[INFO] [stdout] 1  | use toml::value::Table;
[INFO] [stdout]    |
[INFO] [stdout] 
[INFO] [stdout] 
[INFO] [stdout] error[E0412]: cannot find type `Table` in crate `toml`
[INFO] [stdout]   --> src/config.rs:15:20
[INFO] [stdout]    |
[INFO] [stdout] 15 |     app: &'a toml::Table,
[INFO] [stdout]    |                    ^^^^^ not found in `toml`
[INFO] [stdout]    |
[INFO] [stdout] help: consider importing this type alias
[INFO] [stdout]    |
[INFO] [stdout] 1  | use toml::value::Table;
[INFO] [stdout]    |
[INFO] [stdout] 
[INFO] [stdout] 
[INFO] [stdout] error[E0433]: failed to resolve: could not find `Parser` in `toml`
[INFO] [stdout]   --> src/config.rs:50:32
[INFO] [stdout]    |
[INFO] [stdout] 50 |         let mut parser = toml::Parser::new(&s);
[INFO] [stdout]    |                                ^^^^^^ not found in `toml`
[INFO] [stdout]    |
[INFO] [stdout] help: consider importing this struct
[INFO] [stdout]    |
[INFO] [stdout] 1  | use notifier::json::Parser;
[INFO] [stdout]    |
[INFO] [stdout] 
[INFO] [stdout] 
[INFO] [stdout] error[E0433]: failed to resolve: could not find `Parser` in `toml`
[INFO] [stdout]    --> src/repo_config.rs:252:32
[INFO] [stdout]     |
[INFO] [stdout] 252 |         let root = match toml::Parser::new(string).parse() {
[INFO] [stdout]     |                                ^^^^^^ not found in `toml`
[INFO] [stdout]     |
[INFO] [stdout] help: consider importing this struct
[INFO] [stdout]     |
[INFO] [stdout] 1   | use notifier::json::Parser;
[INFO] [stdout]     |
[INFO] [stdout] 
[INFO] [stdout] 
[INFO] [stdout] error[E0433]: failed to resolve: could not find `Parser` in `toml`
[INFO] [stdout]    --> src/server_config.rs:124:32
[INFO] [stdout]     |
[INFO] [stdout] 124 |         let root = match toml::Parser::new(string).parse() {
[INFO] [stdout]     |                                ^^^^^^ not found in `toml`
[INFO] [stdout]     |
[INFO] [stdout] help: consider importing this struct
[INFO] [stdout]     |
[INFO] [stdout] 1   | use notifier::json::Parser;
[INFO] [stdout]     |
[INFO] [stdout] 
[INFO] [stdout] 
[INFO] [stdout] error[E0412]: cannot find type `OpenSSLType` in this scope
[INFO] [stdout]   --> src/signature.rs:30:29
[INFO] [stdout]    |
[INFO] [stdout] 30 |     fn to_openssl(&self) -> OpenSSLType {
[INFO] [stdout]    |                             ^^^^^^^^^^^ not found in this scope
[INFO] [stdout] 
[INFO] [stdout] 
[INFO] [stdout] error[E0425]: cannot find function `hmac` in this scope
[INFO] [stdout]   --> src/signature.rs:92:19
[INFO] [stdout]    |
[INFO] [stdout] 92 |         let mac = hmac(alg.to_openssl(), key.as_bytes(), data.as_bytes());
[INFO] [stdout]    |                   ^^^^ not found in this scope
[INFO] [stdout] 
[INFO] [stdout] 
[INFO] [stdout] error[E0425]: cannot find function, tuple struct or tuple variant `XHookshotSignature` in this scope
[INFO] [stdout]    --> src/notifier.rs:112:25
[INFO] [stdout]     |
[INFO] [stdout] 112 |                 .header(XHookshotSignature(sig.to_string()))
[INFO] [stdout]     |                         ^^^^^^^^^^^^^^^^^^ not found in this scope
[INFO] [stdout] 
[INFO] [stdout] 
[INFO] [stdout] error[E0433]: failed to resolve: use of undeclared type or module `OpenSSLType`
[INFO] [stdout]   --> src/signature.rs:32:30
[INFO] [stdout]    |
[INFO] [stdout] 32 |             HashType::MD5 => OpenSSLType::MD5,
[INFO] [stdout]    |                              ^^^^^^^^^^^ use of undeclared type or module `OpenSSLType`
[INFO] [stdout] 
[INFO] [stdout] 
[INFO] [stdout] error[E0433]: failed to resolve: use of undeclared type or module `OpenSSLType`
[INFO] [stdout]   --> src/signature.rs:33:31
[INFO] [stdout]    |
[INFO] [stdout] 33 |             HashType::SHA1 => OpenSSLType::SHA1,
[INFO] [stdout]    |                               ^^^^^^^^^^^ use of undeclared type or module `OpenSSLType`
[INFO] [stdout] 
[INFO] [stdout] 
[INFO] [stdout] error[E0433]: failed to resolve: use of undeclared type or module `OpenSSLType`
[INFO] [stdout]   --> src/signature.rs:34:33
[INFO] [stdout]    |
[INFO] [stdout] 34 |             HashType::SHA224 => OpenSSLType::SHA224,
[INFO] [stdout]    |                                 ^^^^^^^^^^^ use of undeclared type or module `OpenSSLType`
[INFO] [stdout] 
[INFO] [stdout] 
[INFO] [stdout] error[E0433]: failed to resolve: use of undeclared type or module `OpenSSLType`
[INFO] [stdout]   --> src/signature.rs:35:33
[INFO] [stdout]    |
[INFO] [stdout] 35 |             HashType::SHA256 => OpenSSLType::SHA256,
[INFO] [stdout]    |                                 ^^^^^^^^^^^ use of undeclared type or module `OpenSSLType`
[INFO] [stdout] 
[INFO] [stdout] 
[INFO] [stdout] error[E0433]: failed to resolve: use of undeclared type or module `OpenSSLType`
[INFO] [stdout]   --> src/signature.rs:36:33
[INFO] [stdout]    |
[INFO] [stdout] 36 |             HashType::SHA384 => OpenSSLType::SHA384,
[INFO] [stdout]    |                                 ^^^^^^^^^^^ use of undeclared type or module `OpenSSLType`
[INFO] [stdout] 
[INFO] [stdout] 
[INFO] [stdout] error[E0433]: failed to resolve: use of undeclared type or module `OpenSSLType`
[INFO] [stdout]   --> src/signature.rs:37:33
[INFO] [stdout]    |
[INFO] [stdout] 37 |             HashType::SHA512 => OpenSSLType::SHA512,
[INFO] [stdout]    |                                 ^^^^^^^^^^^ use of undeclared type or module `OpenSSLType`
[INFO] [stdout] 
[INFO] [stdout] 
[INFO] [stdout] error[E0433]: failed to resolve: use of undeclared type or module `OpenSSLType`
[INFO] [stdout]   --> src/signature.rs:38:36
[INFO] [stdout]    |
[INFO] [stdout] 38 |             HashType::RIPEMD160 => OpenSSLType::RIPEMD160,
[INFO] [stdout]    |                                    ^^^^^^^^^^^ use of undeclared type or module `OpenSSLType`
[INFO] [stdout] 
[INFO] [stdout] 
[INFO] [stdout] error[E0412]: cannot find type `XSignature` in this scope
[INFO] [stdout]    --> src/cli.rs:171:59
[INFO] [stdout]     |
[INFO] [stdout] 171 |                 let possible_headers = (req.headers.get::<XSignature>(),
[INFO] [stdout]     |                                                           ^^^^^^^^^^
[INFO] [stdout]     | 
[INFO] [stdout]    ::: src/signature.rs:65:1
[INFO] [stdout]     |
[INFO] [stdout] 65  | pub struct Signature {
[INFO] [stdout]     | -------------------- similarly named struct `Signature` defined here
[INFO] [stdout]     |
[INFO] [stdout] help: a struct with a similar name exists
[INFO] [stdout]     |
[INFO] [stdout] 171 |                 let possible_headers = (req.headers.get::<Signature>(),
[INFO] [stdout]     |                                                           ^^^^^^^^^
[INFO] [stdout] help: you might be missing a type parameter
[INFO] [stdout]     |
[INFO] [stdout] 112 | fn start_server<XSignature>(config: ServerConfig) {
[INFO] [stdout]     |                ^^^^^^^^^^^^
[INFO] [stdout] 
[INFO] [stdout] 
[INFO] [stdout] error[E0412]: cannot find type `XHubSignature` in this scope
[INFO] [stdout]    --> src/cli.rs:172:59
[INFO] [stdout]     |
[INFO] [stdout] 172 | ...                   req.headers.get::<XHubSignature>());
[INFO] [stdout]     |                                         ^^^^^^^^^^^^^
[INFO] [stdout]     | 
[INFO] [stdout]    ::: src/signature.rs:65:1
[INFO] [stdout]     |
[INFO] [stdout] 65  | pub struct Signature {
[INFO] [stdout]     | -------------------- similarly named struct `Signature` defined here
[INFO] [stdout]     |
[INFO] [stdout] help: a struct with a similar name exists
[INFO] [stdout]     |
[INFO] [stdout] 172 |                                         req.headers.get::<Signature>());
[INFO] [stdout]     |                                                           ^^^^^^^^^
[INFO] [stdout] help: you might be missing a type parameter
[INFO] [stdout]     |
[INFO] [stdout] 112 | fn start_server<XHubSignature>(config: ServerConfig) {
[INFO] [stdout]     |                ^^^^^^^^^^^^^^^
[INFO] [stdout] 
[INFO] [stdout] 
[INFO] [stdout] error[E0412]: cannot find type `Table` in crate `toml`
[INFO] [stdout]   --> src/config.rs:10:19
[INFO] [stdout]    |
[INFO] [stdout] 10 |     config: toml::Table,
[INFO] [stdout]    |                   ^^^^^ not found in `toml`
[INFO] [stdout]    |
[INFO] [stdout] help: consider importing this type alias
[INFO] [stdout]    |
[INFO] [stdout] 1  | use toml::value::Table;
[INFO] [stdout]    |
[INFO] [stdout] 
[INFO] [stdout] 
[INFO] [stdout] error[E0412]: cannot find type `Table` in crate `toml`
[INFO] [stdout]   --> src/config.rs:15:20
[INFO] [stdout]    |
[INFO] [stdout] 15 |     app: &'a toml::Table,
[INFO] [stdout]    |                    ^^^^^ not found in `toml`
[INFO] [stdout]    |
[INFO] [stdout] help: consider importing this type alias
[INFO] [stdout]    |
[INFO] [stdout] 1  | use toml::value::Table;
[INFO] [stdout]    |
[INFO] [stdout] 
[INFO] [stdout] 
[INFO] [stdout] error[E0433]: failed to resolve: could not find `Parser` in `toml`
[INFO] [stdout]   --> src/config.rs:50:32
[INFO] [stdout]    |
[INFO] [stdout] 50 |         let mut parser = toml::Parser::new(&s);
[INFO] [stdout]    |                                ^^^^^^ not found in `toml`
[INFO] [stdout]    |
[INFO] [stdout] help: consider importing this struct
[INFO] [stdout]    |
[INFO] [stdout] 1  | use notifier::json::Parser;
[INFO] [stdout]    |
[INFO] [stdout] 
[INFO] [stdout] 
[INFO] [stdout] error[E0433]: failed to resolve: could not find `Parser` in `toml`
[INFO] [stdout]    --> src/repo_config.rs:252:32
[INFO] [stdout]     |
[INFO] [stdout] 252 |         let root = match toml::Parser::new(string).parse() {
[INFO] [stdout]     |                                ^^^^^^ not found in `toml`
[INFO] [stdout]     |
[INFO] [stdout] help: consider importing this struct
[INFO] [stdout]     |
[INFO] [stdout] 1   | use notifier::json::Parser;
[INFO] [stdout]     |
[INFO] [stdout] 
[INFO] [stdout] 
[INFO] [stdout] error[E0433]: failed to resolve: could not find `Parser` in `toml`
[INFO] [stdout]    --> src/server_config.rs:124:32
[INFO] [stdout]     |
[INFO] [stdout] 124 |         let root = match toml::Parser::new(string).parse() {
[INFO] [stdout]     |                                ^^^^^^ not found in `toml`
[INFO] [stdout]     |
[INFO] [stdout] help: consider importing this struct
[INFO] [stdout]     |
[INFO] [stdout] 1   | use notifier::json::Parser;
[INFO] [stdout]     |
[INFO] [stdout] 
[INFO] [stdout] 
[INFO] [stdout] error[E0412]: cannot find type `OpenSSLType` in this scope
[INFO] [stdout]   --> src/signature.rs:30:29
[INFO] [stdout]    |
[INFO] [stdout] 30 |     fn to_openssl(&self) -> OpenSSLType {
[INFO] [stdout]    |                             ^^^^^^^^^^^ not found in this scope
[INFO] [stdout] 
[INFO] [stdout] 
[INFO] [stdout] error[E0425]: cannot find function `hmac` in this scope
[INFO] [stdout]   --> src/signature.rs:92:19
[INFO] [stdout]    |
[INFO] [stdout] 92 |         let mac = hmac(alg.to_openssl(), key.as_bytes(), data.as_bytes());
[INFO] [stdout]    |                   ^^^^ not found in this scope
[INFO] [stdout] 
[INFO] [stdout] 
[INFO] [stdout] error[E0425]: cannot find function, tuple struct or tuple variant `XHookshotSignature` in this scope
[INFO] [stdout]    --> src/notifier.rs:112:25
[INFO] [stdout]     |
[INFO] [stdout] 112 |                 .header(XHookshotSignature(sig.to_string()))
[INFO] [stdout]     |                         ^^^^^^^^^^^^^^^^^^ not found in this scope
[INFO] [stdout] 
[INFO] [stdout] 
[INFO] [stdout] warning: use of deprecated macro `try`: use the `?` operator instead
[INFO] [stdout]   --> src/ansible_task.rs:61:12
[INFO] [stdout]    |
[INFO] [stdout] 61 |         Ok(try!(env::current_dir())
[INFO] [stdout]    |            ^^^
[INFO] [stdout]    |
[INFO] [stdout]    = note: `#[warn(deprecated)]` on by default
[INFO] [stdout] 
[INFO] [stdout] 
[INFO] [stdout] warning: use of deprecated macro `try`: use the `?` operator instead
[INFO] [stdout]   --> src/deploy_task.rs:23:30
[INFO] [stdout]    |
[INFO] [stdout] 23 |         Ok(LogWriter { file: try!(File::create(path)) })
[INFO] [stdout]    |                              ^^^
[INFO] [stdout] 
[INFO] [stdout] 
[INFO] [stdout] warning: unused `#[macro_use]` import
[INFO] [stdout]  --> src/lib.rs:2:1
[INFO] [stdout]   |
[INFO] [stdout] 2 | #[macro_use] extern crate hyper;
[INFO] [stdout]   | ^^^^^^^^^^^^
[INFO] [stdout]   |
[INFO] [stdout]   = note: `#[warn(unused_imports)]` on by default
[INFO] [stdout] 
[INFO] [stdout] 
[INFO] [stdout] warning: use of deprecated macro `try`: use the `?` operator instead
[INFO] [stdout]   --> src/deploy_task.rs:23:30
[INFO] [stdout]    |
[INFO] [stdout] 23 |         Ok(LogWriter { file: try!(File::create(path)) })
[INFO] [stdout]    |                              ^^^
[INFO] [stdout]    |
[INFO] [stdout]    = note: `#[warn(deprecated)]` on by default
[INFO] [stdout] 
[INFO] [stdout] 
[INFO] [stdout] warning: unused `#[macro_use]` import
[INFO] [stdout]  --> src/lib.rs:2:1
[INFO] [stdout]   |
[INFO] [stdout] 2 | #[macro_use] extern crate hyper;
[INFO] [stdout]   | ^^^^^^^^^^^^
[INFO] [stdout]   |
[INFO] [stdout]   = note: `#[warn(unused_imports)]` on by default
[INFO] [stdout] 
[INFO] [stdout] 
[INFO] [stdout] warning: use of deprecated trait `std::ascii::AsciiExt`: use inherent methods instead
[INFO] [stdout]  --> src/make_task.rs:5:5
[INFO] [stdout]   |
[INFO] [stdout] 5 | use std::ascii::AsciiExt;
[INFO] [stdout]   |     ^^^^^^^^^^^^^^^^^^^^
[INFO] [stdout] 
[INFO] [stdout] 
[INFO] [stdout] warning: use of deprecated trait `std::ascii::AsciiExt`: use inherent methods instead
[INFO] [stdout]  --> src/ansible_task.rs:5:5
[INFO] [stdout]   |
[INFO] [stdout] 5 | use std::ascii::AsciiExt;
[INFO] [stdout]   |     ^^^^^^^^^^^^^^^^^^^^
[INFO] [stdout] 
[INFO] [stdout] 
[INFO] [stdout] warning: use of deprecated trait `std::ascii::AsciiExt`: use inherent methods instead
[INFO] [stdout]  --> src/make_task.rs:5:5
[INFO] [stdout]   |
[INFO] [stdout] 5 | use std::ascii::AsciiExt;
[INFO] [stdout]   |     ^^^^^^^^^^^^^^^^^^^^
[INFO] [stdout] 
[INFO] [stdout] 
[INFO] [stdout] warning: use of deprecated function `std::thread::sleep_ms`: replaced by `std::thread::sleep`
[INFO] [stdout]    --> src/task_manager.rs:504:17
[INFO] [stdout]     |
[INFO] [stdout] 504 |                 thread::sleep_ms(1);
[INFO] [stdout]     |                 ^^^^^^^^^^^^^^^^
[INFO] [stdout] 
[INFO] [stdout] 
[INFO] [stdout] warning: use of deprecated function `std::thread::sleep_ms`: replaced by `std::thread::sleep`
[INFO] [stdout]    --> src/task_manager.rs:506:17
[INFO] [stdout]     |
[INFO] [stdout] 506 |                 thread::sleep_ms(1);
[INFO] [stdout]     |                 ^^^^^^^^^^^^^^^^
[INFO] [stdout] 
[INFO] [stdout] 
[INFO] [stdout] warning: use of deprecated function `std::thread::sleep_ms`: replaced by `std::thread::sleep`
[INFO] [stdout]    --> src/task_manager.rs:508:17
[INFO] [stdout]     |
[INFO] [stdout] 508 |                 thread::sleep_ms(1);
[INFO] [stdout]     |                 ^^^^^^^^^^^^^^^^
[INFO] [stdout] 
[INFO] [stdout] 
[INFO] [stdout] warning: use of deprecated function `std::thread::sleep_ms`: replaced by `std::thread::sleep`
[INFO] [stdout]    --> src/task_manager.rs:510:17
[INFO] [stdout]     |
[INFO] [stdout] 510 |                 thread::sleep_ms(1);
[INFO] [stdout]     |                 ^^^^^^^^^^^^^^^^
[INFO] [stdout] 
[INFO] [stdout] 
[INFO] [stdout] warning: use of deprecated function `std::thread::sleep_ms`: replaced by `std::thread::sleep`
[INFO] [stdout]    --> src/task_manager.rs:435:13
[INFO] [stdout]     |
[INFO] [stdout] 435 |             thread::sleep_ms(50);
[INFO] [stdout]     |             ^^^^^^^^^^^^^^^^
[INFO] [stdout] 
[INFO] [stdout] 
[INFO] [stdout] warning: use of deprecated trait `std::ascii::AsciiExt`: use inherent methods instead
[INFO] [stdout]  --> src/ansible_task.rs:5:5
[INFO] [stdout]   |
[INFO] [stdout] 5 | use std::ascii::AsciiExt;
[INFO] [stdout]   |     ^^^^^^^^^^^^^^^^^^^^
[INFO] [stdout] 
[INFO] [stdout] 
[INFO] [stdout] error[E0061]: this function takes 3 arguments but 2 arguments were supplied
[INFO] [stdout]    --> src/cli.rs:117:12
[INFO] [stdout]     |
[INFO] [stdout] 117 |       router.get("/health", move |_: &mut Request| {
[INFO] [stdout]     |  ____________^^^_---------__-
[INFO] [stdout]     | |            |
[INFO] [stdout]     | |            expected 3 arguments
[INFO] [stdout] 118 | |         Ok(Response::with((Header(Connection::close()), status::Ok, "okay")))
[INFO] [stdout] 119 | |     });
[INFO] [stdout]     | |_____- supplied 2 arguments
[INFO] [stdout] 
[INFO] [stdout] 
[INFO] [stdout] error[E0061]: this function takes 3 arguments but 2 arguments were supplied
[INFO] [stdout]    --> src/cli.rs:124:12
[INFO] [stdout]     |
[INFO] [stdout] 124 |       router.get("/tasks/:uuid", move |req: &mut Request| {
[INFO] [stdout]     |  ____________^^^_--------------__-
[INFO] [stdout]     | |            |
[INFO] [stdout]     | |            expected 3 arguments
[INFO] [stdout] 125 | |         let file_not_found = Ok(Response::with((Header(Connection::close()),
[INFO] [stdout] 126 | |                                                 status::NotFound,
[INFO] [stdout] 127 | |                                                 "Not Found")));
[INFO] [stdout] ...   |
[INFO] [stdout] 147 | |         Ok(Response::with((Header(Connection::close()), status::Ok, content)))
[INFO] [stdout] 148 | |     });
[INFO] [stdout]     | |_____- supplied 2 arguments
[INFO] [stdout] 
[INFO] [stdout] 
[INFO] [stdout] error[E0061]: this function takes 3 arguments but 2 arguments were supplied
[INFO] [stdout]    --> src/cli.rs:155:12
[INFO] [stdout]     |
[INFO] [stdout] 155 |       router.post("/tasks", move |req: &mut Request| {
[INFO] [stdout]     |  ____________^^^^_--------__-
[INFO] [stdout]     | |            |
[INFO] [stdout]     | |            expected 3 arguments
[INFO] [stdout] 156 | |         let task_id = Uuid::new_v4();
[INFO] [stdout] 157 | |         let task_status = TaskStatusPrinter { task_id: task_id };
[INFO] [stdout] 158 | |         let log_root = &config_clone.log_root.to_string();
[INFO] [stdout] ...   |
[INFO] [stdout] 302 | |                            response_body)))
[INFO] [stdout] 303 | |     });
[INFO] [stdout]     | |_____- supplied 2 arguments
[INFO] [stdout] 
[INFO] [stdout] 
[INFO] [stdout] error[E0061]: this function takes 3 arguments but 2 arguments were supplied
[INFO] [stdout]    --> src/cli.rs:117:12
[INFO] [stdout]     |
[INFO] [stdout] 117 |       router.get("/health", move |_: &mut Request| {
[INFO] [stdout]     |  ____________^^^_---------__-
[INFO] [stdout]     | |            |
[INFO] [stdout]     | |            expected 3 arguments
[INFO] [stdout] 118 | |         Ok(Response::with((Header(Connection::close()), status::Ok, "okay")))
[INFO] [stdout] 119 | |     });
[INFO] [stdout]     | |_____- supplied 2 arguments
[INFO] [stdout] 
[INFO] [stdout] 
[INFO] [stdout] error[E0061]: this function takes 3 arguments but 2 arguments were supplied
[INFO] [stdout]    --> src/cli.rs:124:12
[INFO] [stdout]     |
[INFO] [stdout] 124 |       router.get("/tasks/:uuid", move |req: &mut Request| {
[INFO] [stdout]     |  ____________^^^_--------------__-
[INFO] [stdout]     | |            |
[INFO] [stdout]     | |            expected 3 arguments
[INFO] [stdout] 125 | |         let file_not_found = Ok(Response::with((Header(Connection::close()),
[INFO] [stdout] 126 | |                                                 status::NotFound,
[INFO] [stdout] 127 | |                                                 "Not Found")));
[INFO] [stdout] ...   |
[INFO] [stdout] 147 | |         Ok(Response::with((Header(Connection::close()), status::Ok, content)))
[INFO] [stdout] 148 | |     });
[INFO] [stdout]     | |_____- supplied 2 arguments
[INFO] [stdout] 
[INFO] [stdout] 
[INFO] [stdout] error[E0061]: this function takes 3 arguments but 2 arguments were supplied
[INFO] [stdout]    --> src/cli.rs:155:12
[INFO] [stdout]     |
[INFO] [stdout] 155 |       router.post("/tasks", move |req: &mut Request| {
[INFO] [stdout]     |  ____________^^^^_--------__-
[INFO] [stdout]     | |            |
[INFO] [stdout]     | |            expected 3 arguments
[INFO] [stdout] 156 | |         let task_id = Uuid::new_v4();
[INFO] [stdout] 157 | |         let task_status = TaskStatusPrinter { task_id: task_id };
[INFO] [stdout] 158 | |         let log_root = &config_clone.log_root.to_string();
[INFO] [stdout] ...   |
[INFO] [stdout] 302 | |                            response_body)))
[INFO] [stdout] 303 | |     });
[INFO] [stdout]     | |_____- supplied 2 arguments
[INFO] [stdout] 
[INFO] [stdout] 
[INFO] [stdout] error[E0599]: no function or associated item named `new_v4` found for struct `Uuid` in the current scope
[INFO] [stdout]    --> src/cli.rs:156:29
[INFO] [stdout]     |
[INFO] [stdout] 156 |         let task_id = Uuid::new_v4();
[INFO] [stdout]     |                             ^^^^^^ function or associated item not found in `Uuid`
[INFO] [stdout] 
[INFO] [stdout] 
[INFO] [stdout] error[E0599]: no function or associated item named `new_v4` found for struct `Uuid` in the current scope
[INFO] [stdout]    --> src/cli.rs:156:29
[INFO] [stdout]     |
[INFO] [stdout] 156 |         let task_id = Uuid::new_v4();
[INFO] [stdout]     |                             ^^^^^^ function or associated item not found in `Uuid`
[INFO] [stdout] 
[INFO] [stdout] 
[INFO] [stdout] warning: use of deprecated associated function `iron::Error::description`: use the Display impl or to_string()
[INFO] [stdout]    --> src/repo_config.rs:145:30
[INFO] [stdout]     |
[INFO] [stdout] 145 |         write!(f, "{}", self.description())
[INFO] [stdout]     |                              ^^^^^^^^^^^
[INFO] [stdout] 
[INFO] [stdout] 
[INFO] [stdout] error[E0599]: no method named `lookup` found for reference `&'a toml::Value` in the current scope
[INFO] [stdout]    --> src/repo_config.rs:437:15
[INFO] [stdout]     |
[INFO] [stdout] 437 |     match obj.lookup(key) {
[INFO] [stdout]     |               ^^^^^^ method not found in `&'a toml::Value`
[INFO] [stdout] 
[INFO] [stdout] 
[INFO] [stdout] error[E0599]: no method named `lookup` found for reference `&'a toml::Value` in the current scope
[INFO] [stdout]    --> src/repo_config.rs:444:15
[INFO] [stdout]     |
[INFO] [stdout] 444 |     match obj.lookup(key) {
[INFO] [stdout]     |               ^^^^^^ method not found in `&'a toml::Value`
[INFO] [stdout] 
[INFO] [stdout] 
[INFO] [stdout] warning: use of deprecated associated function `iron::Error::description`: use the Display impl or to_string()
[INFO] [stdout]    --> src/repo_config.rs:565:38
[INFO] [stdout]     |
[INFO] [stdout] 565 |                 println!("{}", error.description());
[INFO] [stdout]     |                                      ^^^^^^^^^^^
[INFO] [stdout] 
[INFO] [stdout] 
[INFO] [stdout] warning: use of deprecated associated function `iron::Error::description`: use the Display impl or to_string()
[INFO] [stdout]    --> src/repo_config.rs:600:38
[INFO] [stdout]     |
[INFO] [stdout] 600 |                 println!("{}", error.description());
[INFO] [stdout]     |                                      ^^^^^^^^^^^
[INFO] [stdout] 
[INFO] [stdout] 
[INFO] [stdout] warning: use of deprecated associated function `iron::Error::description`: use the Display impl or to_string()
[INFO] [stdout]    --> src/repo_config.rs:145:30
[INFO] [stdout]     |
[INFO] [stdout] 145 |         write!(f, "{}", self.description())
[INFO] [stdout]     |                              ^^^^^^^^^^^
[INFO] [stdout] 
[INFO] [stdout] 
[INFO] [stdout] warning: use of deprecated associated function `iron::Error::description`: use the Display impl or to_string()
[INFO] [stdout]   --> src/server_config.rs:47:30
[INFO] [stdout]    |
[INFO] [stdout] 47 |         write!(f, "{}", self.description())
[INFO] [stdout]    |                              ^^^^^^^^^^^
[INFO] [stdout] 
[INFO] [stdout] 
[INFO] [stdout] error[E0599]: no method named `lookup` found for reference `&toml::Value` in the current scope
[INFO] [stdout]    --> src/server_config.rs:139:33
[INFO] [stdout]     |
[INFO] [stdout] 139 |         let port = match config.lookup("port") {
[INFO] [stdout]     |                                 ^^^^^^ method not found in `&toml::Value`
[INFO] [stdout] 
[INFO] [stdout] 
[INFO] [stdout] error[E0599]: no method named `lookup` found for reference `&'a toml::Value` in the current scope
[INFO] [stdout]    --> src/repo_config.rs:437:15
[INFO] [stdout]     |
[INFO] [stdout] 437 |     match obj.lookup(key) {
[INFO] [stdout]     |               ^^^^^^ method not found in `&'a toml::Value`
[INFO] [stdout] 
[INFO] [stdout] 
[INFO] [stdout] error[E0599]: no method named `lookup` found for reference `&'a toml::Value` in the current scope
[INFO] [stdout]    --> src/repo_config.rs:444:15
[INFO] [stdout]     |
[INFO] [stdout] 444 |     match obj.lookup(key) {
[INFO] [stdout]     |               ^^^^^^ method not found in `&'a toml::Value`
[INFO] [stdout] 
[INFO] [stdout] 
[INFO] [stdout] error[E0599]: no method named `lookup` found for reference `&'a toml::Value` in the current scope
[INFO] [stdout]    --> src/server_config.rs:262:15
[INFO] [stdout]     |
[INFO] [stdout] 262 |     match obj.lookup(key) {
[INFO] [stdout]     |               ^^^^^^ method not found in `&'a toml::Value`
[INFO] [stdout] 
[INFO] [stdout] 
[INFO] [stdout] error[E0599]: no method named `lookup` found for reference `&'a toml::Value` in the current scope
[INFO] [stdout]    --> src/server_config.rs:273:15
[INFO] [stdout]     |
[INFO] [stdout] 273 |     match obj.lookup(key) {
[INFO] [stdout]     |               ^^^^^^ method not found in `&'a toml::Value`
[INFO] [stdout] 
[INFO] [stdout] 
[INFO] [stdout] warning: use of deprecated associated function `iron::Error::description`: use the Display impl or to_string()
[INFO] [stdout]   --> src/server_config.rs:47:30
[INFO] [stdout]    |
[INFO] [stdout] 47 |         write!(f, "{}", self.description())
[INFO] [stdout]    |                              ^^^^^^^^^^^
[INFO] [stdout] 
[INFO] [stdout] 
[INFO] [stdout] error[E0599]: no method named `lookup` found for reference `&toml::Value` in the current scope
[INFO] [stdout]    --> src/server_config.rs:139:33
[INFO] [stdout]     |
[INFO] [stdout] 139 |         let port = match config.lookup("port") {
[INFO] [stdout]     |                                 ^^^^^^ method not found in `&toml::Value`
[INFO] [stdout] 
[INFO] [stdout] 
[INFO] [stdout] error[E0599]: no method named `lookup` found for reference `&'a toml::Value` in the current scope
[INFO] [stdout]    --> src/server_config.rs:262:15
[INFO] [stdout]     |
[INFO] [stdout] 262 |     match obj.lookup(key) {
[INFO] [stdout]     |               ^^^^^^ method not found in `&'a toml::Value`
[INFO] [stdout] 
[INFO] [stdout] 
[INFO] [stdout] error[E0599]: no method named `lookup` found for reference `&'a toml::Value` in the current scope
[INFO] [stdout]    --> src/server_config.rs:273:15
[INFO] [stdout]     |
[INFO] [stdout] 273 |     match obj.lookup(key) {
[INFO] [stdout]     |               ^^^^^^ method not found in `&'a toml::Value`
[INFO] [stdout] 
[INFO] [stdout] 
[INFO] [stdout] error[E0599]: no method named `at` found for struct `regex::Captures<'_>` in the current scope
[INFO] [stdout]   --> src/signature.rs:75:39
[INFO] [stdout]    |
[INFO] [stdout] 75 |             Some(caps) => match (caps.at(1), caps.at(2)) {
[INFO] [stdout]    |                                       ^^ method not found in `regex::Captures<'_>`
[INFO] [stdout] 
[INFO] [stdout] 
[INFO] [stdout] error[E0599]: no method named `at` found for struct `regex::Captures<'_>` in the current scope
[INFO] [stdout]   --> src/signature.rs:75:51
[INFO] [stdout]    |
[INFO] [stdout] 75 |             Some(caps) => match (caps.at(1), caps.at(2)) {
[INFO] [stdout]    |                                                   ^^ method not found in `regex::Captures<'_>`
[INFO] [stdout] 
[INFO] [stdout] 
[INFO] [stdout] error[E0599]: no method named `at` found for struct `regex::Captures<'_>` in the current scope
[INFO] [stdout]   --> src/signature.rs:75:39
[INFO] [stdout]    |
[INFO] [stdout] 75 |             Some(caps) => match (caps.at(1), caps.at(2)) {
[INFO] [stdout]    |                                       ^^ method not found in `regex::Captures<'_>`
[INFO] [stdout] 
[INFO] [stdout] 
[INFO] [stdout] error[E0599]: no method named `at` found for struct `regex::Captures<'_>` in the current scope
[INFO] [stdout]   --> src/signature.rs:75:51
[INFO] [stdout]    |
[INFO] [stdout] 75 |             Some(caps) => match (caps.at(1), caps.at(2)) {
[INFO] [stdout]    |                                                   ^^ method not found in `regex::Captures<'_>`
[INFO] [stdout] 
[INFO] [stdout] 
[INFO] [stdout] error[E0599]: no function or associated item named `new_v4` found for struct `Uuid` in the current scope
[INFO] [stdout]    --> src/task_manager.rs:451:33
[INFO] [stdout]     |
[INFO] [stdout] 451 |                 let key = Uuid::new_v4().to_string();
[INFO] [stdout]     |                                 ^^^^^^ function or associated item not found in `Uuid`
[INFO] [stdout] 
[INFO] [stdout] 
[INFO] [stdout] error[E0599]: no function or associated item named `new_v4` found for struct `Uuid` in the current scope
[INFO] [stdout]    --> src/task_manager.rs:468:33
[INFO] [stdout]     |
[INFO] [stdout] 468 |                 let key = Uuid::new_v4().to_string();
[INFO] [stdout]     |                                 ^^^^^^ function or associated item not found in `Uuid`
[INFO] [stdout] 
[INFO] [stdout] 
[INFO] [stdout] error[E0599]: no function or associated item named `new_v4` found for struct `Uuid` in the current scope
[INFO] [stdout]    --> src/task_manager.rs:500:33
[INFO] [stdout]     |
[INFO] [stdout] 500 |                 let key = Uuid::new_v4().to_string();
[INFO] [stdout]     |                                 ^^^^^^ function or associated item not found in `Uuid`
[INFO] [stdout] 
[INFO] [stdout] 
[INFO] [stdout] error[E0599]: no method named `post` found for struct `Client<HttpConnector>` in the current scope
[INFO] [stdout]    --> src/notifier.rs:111:34
[INFO] [stdout]     |
[INFO] [stdout] 111 |             let request = client.post(notifiers)
[INFO] [stdout]     |                                  ^^^^ method not found in `Client<HttpConnector>`
[INFO] [stdout] 
[INFO] [stdout] 
[INFO] [stdout] error[E0599]: no function or associated item named `new_v4` found for struct `Uuid` in the current scope
[INFO] [stdout]   --> src/ansible_task.rs:76:37
[INFO] [stdout]    |
[INFO] [stdout] 76 |         let (uuid1, uuid2) = (Uuid::new_v4().to_string(), Uuid::new_v4().to_string());
[INFO] [stdout]    |                                     ^^^^^^ function or associated item not found in `Uuid`
[INFO] [stdout] 
[INFO] [stdout] 
[INFO] [stdout] error[E0599]: no function or associated item named `new_v4` found for struct `Uuid` in the current scope
[INFO] [stdout]   --> src/ansible_task.rs:76:65
[INFO] [stdout]    |
[INFO] [stdout] 76 |         let (uuid1, uuid2) = (Uuid::new_v4().to_string(), Uuid::new_v4().to_string());
[INFO] [stdout]    |                                                                 ^^^^^^ function or associated item not found in `Uuid`
[INFO] [stdout] 
[INFO] [stdout] 
[INFO] [stdout] error[E0599]: no method named `post` found for struct `Client<HttpConnector>` in the current scope
[INFO] [stdout]    --> src/notifier.rs:111:34
[INFO] [stdout]     |
[INFO] [stdout] 111 |             let request = client.post(notifiers)
[INFO] [stdout]     |                                  ^^^^ method not found in `Client<HttpConnector>`
[INFO] [stdout] 
[INFO] [stdout] 
[INFO] [stdout] error[E0308]: mismatched types
[INFO] [stdout]   --> src/deploy_task.rs:75:91
[INFO] [stdout]    |
[INFO] [stdout] 75 |         logger.write(format!("system user: {}\n", users::get_current_username().unwrap_or("<none>".to_owned())));
[INFO] [stdout]    |                                                                                           ^^^^^^^^^^^^^^^^^^^ expected struct `OsString`, found struct `std::string::String`
[INFO] [stdout] 
[INFO] [stdout] 
[INFO] [stdout] error[E0277]: `OsString` doesn't implement `std::fmt::Display`
[INFO] [stdout]   --> src/deploy_task.rs:75:51
[INFO] [stdout]    |
[INFO] [stdout] 75 |         logger.write(format!("system user: {}\n", users::get_current_username().unwrap_or("<none>".to_owned())));
[INFO] [stdout]    |                                                   ^^^^^^^^^^^^^^^^^^^^^^^^^^^^^^^^^^^^^^^^^^^^^^^^^^^^^^^^^^^^ `OsString` cannot be formatted with the default formatter
[INFO] [stdout]    |
[INFO] [stdout]    = help: the trait `std::fmt::Display` is not implemented for `OsString`
[INFO] [stdout]    = note: in format strings you may be able to use `{:?}` (or {:#?} for pretty-print) instead
[INFO] [stdout]    = note: required by `std::fmt::Display::fmt`
[INFO] [stdout]    = note: this error originates in a macro (in Nightly builds, run with -Z macro-backtrace for more info)
[INFO] [stdout] 
[INFO] [stdout] 
[INFO] [stdout] error[E0308]: mismatched types
[INFO] [stdout]   --> src/deploy_task.rs:75:91
[INFO] [stdout]    |
[INFO] [stdout] 75 |         logger.write(format!("system user: {}\n", users::get_current_username().unwrap_or("<none>".to_owned())));
[INFO] [stdout]    |                                                                                           ^^^^^^^^^^^^^^^^^^^ expected struct `OsString`, found struct `std::string::String`
[INFO] [stdout] 
[INFO] [stdout] 
[INFO] [stdout] warning: use of deprecated associated function `iron::Error::description`: use the Display impl or to_string()
[INFO] [stdout]    --> src/deploy_task.rs:100:37
[INFO] [stdout]     |
[INFO] [stdout] 100 | ...                   e.description(),
[INFO] [stdout]     |                         ^^^^^^^^^^^
[INFO] [stdout] 
[INFO] [stdout] 
[INFO] [stdout] error[E0277]: `OsString` doesn't implement `std::fmt::Display`
[INFO] [stdout]   --> src/deploy_task.rs:75:51
[INFO] [stdout]    |
[INFO] [stdout] 75 |         logger.write(format!("system user: {}\n", users::get_current_username().unwrap_or("<none>".to_owned())));
[INFO] [stdout]    |                                                   ^^^^^^^^^^^^^^^^^^^^^^^^^^^^^^^^^^^^^^^^^^^^^^^^^^^^^^^^^^^^ `OsString` cannot be formatted with the default formatter
[INFO] [stdout]    |
[INFO] [stdout]    = help: the trait `std::fmt::Display` is not implemented for `OsString`
[INFO] [stdout]    = note: in format strings you may be able to use `{:?}` (or {:#?} for pretty-print) instead
[INFO] [stdout]    = note: required by `std::fmt::Display::fmt`
[INFO] [stdout]    = note: this error originates in a macro (in Nightly builds, run with -Z macro-backtrace for more info)
[INFO] [stdout] 
[INFO] [stdout] 
[INFO] [stdout] warning: use of deprecated associated function `iron::Error::description`: use the Display impl or to_string()
[INFO] [stdout]    --> src/deploy_task.rs:100:37
[INFO] [stdout]     |
[INFO] [stdout] 100 | ...                   e.description(),
[INFO] [stdout]     |                         ^^^^^^^^^^^
[INFO] [stdout] 
[INFO] [stdout] 
[INFO] [stdout] warning: unused import: `std::ascii::AsciiExt`
[INFO] [stdout]  --> src/make_task.rs:5:5
[INFO] [stdout]   |
[INFO] [stdout] 5 | use std::ascii::AsciiExt;
[INFO] [stdout]   |     ^^^^^^^^^^^^^^^^^^^^
[INFO] [stdout] 
[INFO] [stdout] 
[INFO] [stdout] warning: unused import: `std::ascii::AsciiExt`
[INFO] [stdout]  --> src/ansible_task.rs:5:5
[INFO] [stdout]   |
[INFO] [stdout] 5 | use std::ascii::AsciiExt;
[INFO] [stdout]   |     ^^^^^^^^^^^^^^^^^^^^
[INFO] [stdout] 
[INFO] [stdout] 
[INFO] [stdout] error: aborting due to 41 previous errors; 9 warnings emitted
[INFO] [stdout] 
[INFO] [stdout] 
[INFO] [stdout] Some errors have detailed explanations: E0061, E0277, E0308, E0412, E0425, E0432, E0433, E0599.
[INFO] [stdout] 
[INFO] [stdout] For more information about an error, try `rustc --explain E0061`.
[INFO] [stdout] 
[INFO] [stdout] warning: unused import: `std::ascii::AsciiExt`
[INFO] [stdout]  --> src/make_task.rs:5:5
[INFO] [stdout]   |
[INFO] [stdout] 5 | use std::ascii::AsciiExt;
[INFO] [stdout]   |     ^^^^^^^^^^^^^^^^^^^^
[INFO] [stdout] 
[INFO] [stdout] 
[INFO] [stdout] warning: unused import: `std::ascii::AsciiExt`
[INFO] [stdout]  --> src/ansible_task.rs:5:5
[INFO] [stdout]   |
[INFO] [stdout] 5 | use std::ascii::AsciiExt;
[INFO] [stdout]   |     ^^^^^^^^^^^^^^^^^^^^
[INFO] [stdout] 
[INFO] [stdout] 
[INFO] [stdout] error: aborting due to 46 previous errors; 17 warnings emitted
[INFO] [stdout] 
[INFO] [stdout] 
[INFO] [stdout] Some errors have detailed explanations: E0061, E0277, E0308, E0412, E0425, E0432, E0433, E0599.
[INFO] [stdout] 
[INFO] [stdout] For more information about an error, try `rustc --explain E0061`.
[INFO] [stdout] 
[INFO] [stderr] error: could not compile `hookshot`.
[INFO] [stderr] 
[INFO] [stderr] To learn more, run the command again with --verbose.
[INFO] [stderr] warning: build failed, waiting for other jobs to finish...
[INFO] [stderr] error: build failed
[INFO] running `Command { std: "docker" "inspect" "fda59e1db0d4eee72831279ee0e8be93d778cd8ffa60910d092df017104880f1", kill_on_drop: false }`
[INFO] running `Command { std: "docker" "rm" "-f" "fda59e1db0d4eee72831279ee0e8be93d778cd8ffa60910d092df017104880f1", kill_on_drop: false }`
[INFO] [stdout] fda59e1db0d4eee72831279ee0e8be93d778cd8ffa60910d092df017104880f1
